 0. Suppose m = -r - r + 6. List the prime factors of (10/r)/((-2)/(-3)).
5
Suppose b = -4*b + 35. Let o = 10 - b. List the prime factors of o.
3
Let z be (18/(-5))/((-2)/15). Suppose -11 = v - z. List the prime factors of v.
2
List the prime factors of (3 - (-12)/(-3)) + 168.
167
Let g = -15 + 33. List the prime factors of g.
2, 3
List the prime factors of -1 - -4 - (-4)/(8/154).
2, 5
Let a = 289 - 193. List the prime factors of a.
2, 3
Suppose -4 = -x + 5*i + 9, -1 = 3*x - 5*i. Let k = 1 + -6. Let c = k - x. What are the prime factors of c?
2
Suppose 35 = 2*k - 3. What are the prime factors of k?
19
Let i(p) be the second derivative of -p**3/3 - 2*p. List the prime factors of i(-1).
2
Let d(n) = -3*n - 9. Let s be d(-6). Let p = s + 66. Suppose p = -3*a + 8*a. List the prime factors of a.
3, 5
Let l be 88/(-14) - 10/(-35). Let o(m) = -5*m**2 - 9*m + 1. Let p(r) = -r**2 - r + 1. Let c(t) = l*p(t) + o(t). What are the prime factors of c(6)?
13
Let u = -45 - -106. List the prime factors of u.
61
Let m(h) = 2*h**2 + 26*h + 8. List the prime factors of m(-17).
2, 3
Suppose w - 2*i = 2, -5*w - 2*i + 46 = -2*w. Let m be (66/4)/(9/w). Suppose -3*v - g + 8 = -v, m = 5*v + 2*g. List the prime factors of v.
2, 3
Let i(k) = -7*k - 1. Let y be i(-1). Let a(x) = -x**2 + 7*x + 1. List the prime factors of a(y).
7
Suppose -2*m - 2*k + 12 + 2 = 0, 4*m - k = 18. What are the prime factors of m?
5
Let p(d) be the third derivative of d**6/120 + 7*d**5/30 - 3*d**4/4 - 5*d**3/6 - 3*d**2. List the prime factors of p(-15).
2, 5
Let v = 673 - 463. What are the prime factors of v?
2, 3, 5, 7
Suppose 0*c - c + 13 = 0. List the prime factors of c.
13
Let v(y) = y**2 + y - 4. Let q be v(3). Let s = 11 - q. Suppose 2*g + 9 = f, -7*f + 2*g + 60 = -s*f. List the prime factors of f.
17
Let z = 0 - 1. Suppose 1 - 13 = -2*t. Let c = z + t. What are the prime factors of c?
5
List the prime factors of 36/(-48) - 111/(-4).
3
Suppose r + 38 = 2*r - 3*a, -3*a = -3*r + 126. What are the prime factors of r?
2, 11
Let n = 7 - 4. Suppose 4*g - j + 15 = 0, -g = n*g - 3*j + 21. Let m(v) = -v**2 - 5*v - 2. What are the prime factors of m(g)?
2
Let j(s) = s**3 - 11*s**2 + 2*s - 11. Let a be j(11). Suppose -o - 2*o - n + 40 = 0, 2*n = o - a. What are the prime factors of o?
13
Let k = -90 - -160. What are the prime factors of k?
2, 5, 7
Let k(v) = -186*v. Let d be k(-1). Suppose -3*p - 96 = -2*u - 4*p, -4*u + d = 5*p. List the prime factors of u.
7
Suppose -b = 3*b. Suppose 2*f - f - 44 = b. List the prime factors of f.
2, 11
Let z(c) = -c**2 - c + 2. Let r be z(0). Suppose 0*l - 4*l - 2*o = 778, r*l + 383 = -3*o. What are the prime factors of (-1)/3 + l/(-12)?
2
Let p = -2 + 6. Let w = 6 - p. Suppose 0 = -0*h - w*h + 22. List the prime factors of h.
11
Let m = 0 - -5. Suppose 2*d + 4*y - 88 = y, 4*d + m*y - 174 = 0. Suppose 5 = -5*t, -2*b - 5*t + d = 8. What are the prime factors of b?
19
Let l(i) be the third derivative of -7*i**6/120 + i**5/10 - 5*i**3/6 - 2*i**2. Let a(p) = p**2 - 1. Let t(c) = -6*a(c) + l(c). List the prime factors of t(-1).
2
Suppose -3*a - 25 = 5*f, -3*f - 15 = -0. Suppose 22 = 3*k - p, a = -4*k + k + 3*p + 30. Let i = 18 - k. List the prime factors of i.
2, 3
Let m = -11 - -13. Let u(h) = h + 6. Let i be u(-3). Suppose v = 3*x - 19, -m*v = i*x - v - 23. What are the prime factors of x?
7
Let x be (8/6)/(7/(-42)). List the prime factors of 2/x*-2*46.
23
Let o = 28 - 10. Suppose -2*h = 8, -q + h + 0*h = -o. What are the prime factors of q?
2, 7
Suppose -60 - 30 = -5*v. What are the prime factors of v?
2, 3
Let z = 398 - 87. What are the prime factors of z?
311
Suppose 4*v - 340 = 5*y, -v + 372 = 3*v + 3*y. Suppose -3*r + 15 = 0, r - v = -5*w - r. List the prime factors of w.
2
Suppose -r + 2*p = -6*r + 1945, 5*p + 1136 = 3*r. List the prime factors of r.
3, 43
Let t(a) = -3*a**2 - 14*a - 3. Let l(w) = w**2 + w - 1. Let z(j) = 4*l(j) + t(j). What are the prime factors of z(12)?
17
What are the prime factors of 218 + -7 - (-3)/6*-6?
2, 13
Let x(s) = 3 - 6 - 7*s + 2. List the prime factors of x(-3).
2, 5
List the prime factors of 4/(-14) - (-909)/21.
43
Suppose 2*l + 2*l = -8. Suppose -2*b - 10 + 32 = 4*v, 0 = 2*v - 10. List the prime factors of b/(l/4 + 1).
2
Suppose 3*j = 6*j - 114. Suppose 2*r + 104 = -2*r. Let a = r + j. What are the prime factors of a?
2, 3
Let c(o) = -8*o**3 + o + 1. Let q be c(-1). Suppose 0*y = y + q. List the prime factors of 8/(-12) - y/3.
2
Let a = -43 + 92. What are the prime factors of a?
7
Suppose -14 = -4*v + 18. Suppose -3*p + v*p = 0. Suppose 3*k - 55 - 2 = p. What are the prime factors of k?
19
Let t = -11 + 9. Suppose f + 4*f - 5*c - 35 = 0, 2*f + c - 29 = 0. What are the prime factors of f*((-6)/t - 2)?
2, 3
Suppose -79 = -2*a - j, -2*a - 4*j + 97 = 3. Suppose 3*k - 29 = y, -4*y = 3*k - a - 12. List the prime factors of k.
11
Let l = -72 + 120. What are the prime factors of l?
2, 3
Suppose 20 = -5*x + 200. List the prime factors of x.
2, 3
Let g = 6 + 33. Let q be 1*(-2)/((-6)/(-81)). Let f = q + g. What are the prime factors of f?
2, 3
Suppose -3*p + 2*g - 38 = -4, 3*g = 2*p + 16. Let j = 30 - 9. Let u = j + p. List the prime factors of u.
7
List the prime factors of (91/(-3))/(-7)*30.
2, 5, 13
Let k be (-264)/(4/(-1)) + -1. Suppose -3*y + 61 = -k. List the prime factors of y.
2, 3, 7
Suppose -5*z + 140 = 2*v, -2*z + 3*v = -v - 56. Suppose 0 = i - 3*y - 6, -4*y - z = -4*i + 12. What are the prime factors of i?
2, 3
Let j(g) = -2*g - 2. Let a be j(-3). Suppose k = -2*d + a*k + 14, -2*d = 2*k - 4. What are the prime factors of d?
2
Suppose 2*y = -2*l + 106, -5*l + 58 = y - 203. Suppose -3*d + 7*d = a + 4, -2 = -5*d + 2*a. What are the prime factors of ((-1)/d)/((-2)/l)?
13
Suppose -9*i - i = -680. What are the prime factors of i?
2, 17
Let l = 35 + -14. List the prime factors of l.
3, 7
Suppose -4*j + 11 = -1. Let q be (-1)/((-6)/(-38))*-3. What are the prime factors of q/j + (-4)/(-6)?
7
Let g(y) = y**3 + 4*y**2. Let x be g(-4). Suppose 0 = -4*k, 3*o - 5*k - 87 = -x*o. List the prime factors of o.
29
Let m(r) = -91*r**2 - r. Let c be m(-1). List the prime factors of 0 + -2 + c/(-5).
2
Let l be ((-16)/6)/((-10)/15). Suppose 6 = 4*g + 5*f, 29 = l*g - 5*f + 3. List the prime factors of g.
2
Let a(u) = 2*u**2 - 2*u - 1. Let v be a(-1). Let x = 5 - v. What are the prime factors of x?
2
Suppose -2*w + 0*w + 4*u = -64, -2*u = -4*w + 146. What are the prime factors of w?
2, 19
Let g(c) = 2*c - 4. Let s be g(9). Let x = s + -9. Suppose o = w - 4*w + 5, -5*w = -x*o + 85. List the prime factors of o.
2, 7
Let r(j) = j**3 + 13*j**2 + 11*j - 13. Let t be r(-12). List the prime factors of (2 + t)/((-2)/(-12)).
2, 3
Suppose 5*b = k + 70, 4*b - 5*k - 33 = 23. Suppose 3*h - b = -5. Suppose 12 = 5*y - h. What are the prime factors of y?
3
Suppose 0 = -5*t - k + 185, -2*k + 33 = 3*t - 71. What are the prime factors of t?
2, 19
Suppose -5*h - 45 - 75 = 0. What are the prime factors of (5 + h)*(-2 - -1)?
19
Suppose 5*p = 2*s - 82, s + 3*p - 95 = -32. List the prime factors of s/7 + 6/(-21).
7
Suppose 4 - 1 = x, 2*m + 2*x + 2 = 0. Let b = 9 - m. What are the prime factors of b?
13
Let g = -33 - -78. List the prime factors of g.
3, 5
Suppose -2*y - k + 101 = -62, -12 = 4*k. List the prime factors of y.
83
Suppose 4*p + 0*x = -x + 175, -132 = -3*p - x. Suppose 4*c - 94 = -3*r + p, -5*c + 3*r + 151 = 0. What are the prime factors of c?
2
Let k = 0 + 1. Let u(n) = -1. Let d(b) = -2*b + 10. Let f(j) = -4*d(j) - 40*u(j). List the prime factors of f(k).
2
Suppose -9*n + 1698 = -93. What are the prime factors of n?
199
Suppose 5 = k, -4*g + 4*k - 525 = -k. Let l = -50 - g. Suppose 4*j - l = 1. List the prime factors of j.
19
Let q = 8 - 8. Let h be (-8)/(-6) + 2/3. Suppose -3*u = -2*c + 11, q*c - h*u - 6 = -c. What are the prime factors of c?
2
Let z = -23 + 190. List the prime factors of z.
167
Suppose l = -0*l + 29. List the prime factors of l.
29
Let c be (6/(-24))/(2/(-16)). Suppose 2*n = c*s + s - 46, 3*s = 4*n + 38. What are the prime factors of s?
2, 3
Let v(d) = -d - 8. Let k be v(-8). Let b = k - -2. What are the prime factors of b?
2
Let c(t) be the first derivative of t**3/3 - 5*t**2/2 + 5*t + 1. Suppose -i + 0*s - 5*s = -5, 3*s = -i + 5. List the